 p**3 + 6*p**2 - 11*p - 7. Let k be (-44)/6 + (-3)/(-9). Let s be m(k). What is the greatest common factor of s and n?
21
Let w be (-7)/(28/(-8)) - -241. Let c be w/18 + (-1)/(-2). What is the highest common divisor of c and 70?
14
Suppose -4*p = -3*p + 4, 2*c - 12 = -p. Suppose 0 = -4*a - 12 - 0. Let g = c + a. Calculate the highest common divisor of 35 and g.
5
Let s be 6251/(-28) - 2/(-8). Let j = -119 - s. What is the greatest common factor of 26 and j?
26
Let q(o) = 4*o**2 + 3*o - 1. Let c be q(-3). Let d be (-17)/(-2 + c/14). Let z = -44 + d. What is the greatest common factor of z and 15?
15
Let x be ((-3)/(-2))/((-4)/(-8)). Suppose 3*s = x*i + 18, -2*s + 2*i + 39 = 3*s. Calculate the highest common factor of s and 27.
9
Let o = 17 - -12. What is the highest common divisor of o and 29?
29
Suppose 0 = 2*c - 16*c + 168. Calculate the highest common factor of c and 30.
6
Let o(d) = -10*d + 2. Let r be o(-3). Suppose -4*p - 3*j = -r, -4*p + 2*j + 17 - 5 = 0. Let h = 5 + p. What is the greatest common divisor of 10 and h?
10
Let l(a) = -a**2 - 5*a - 5. Let v be l(-3). What is the highest common factor of v and 7?
1
Suppose s - 3*s = 8, 0 = -2*n - 5*s + 332. What is the highest common divisor of n and 22?
22
Suppose -s + 4 + 2 = 0. Let w be (-4)/s - (-14)/3. Suppose n - 64 + 20 = 0. What is the highest common divisor of n and w?
4
Let m(a) = -13*a - 5. Let b be m(-5). Let u be 2/(-11) + (-202)/(-22). Let k be 3*6/u*20. What is the highest common factor of b and k?
20
Let w be (-4)/10 + 177/5. What is the highest common factor of w and 7?
7
Let p = -62 + 142. Let o = 4 + 1. Let q = 13 - o. Calculate the highest common factor of q and p.
8
Let l = 90 + -27. What is the greatest common factor of l and 9?
9
Let w = 5 - 2. Calculate the highest common divisor of 12 and w.
3
Let f = 32 + -20. What is the greatest common divisor of f and 8?
4
Suppose -d - 1 + 2 = 0. Let j(c) be the second derivative of c**4/12 - c**2/2 + 2*c. Let s be j(2). Calculate the highest common divisor of d and s.
1
Let j(v) = -3*v**2 + v**3 + 0*v + 8 - v + 9*v**2. Let c be j(-6). Suppose k - c = -f, -2*f + k + 17 = -2. What is the highest common factor of 88 and f?
11
Let r be 6/(-10) + (-1698)/(-30). Calculate the highest common divisor of r and 42.
14
Suppose 3 = 2*v - 5*c - 9, 0 = 4*v - 5*c - 24. Suppose 7*x = v*x + 3. Calculate the greatest common factor of x and 3.
3
Let b(l) = l + 10. Let y be b(12). Calculate the greatest common divisor of y and 33.
11
Suppose -4 = 5*s - 34. Let c be (1 - -2)*14/21. What is the highest common divisor of s and c?
2
Let i(l) = -l + 41. Let u be i(12). What is the highest common factor of u and 145?
29
Let b be (13/(-4))/((-5)/20). What is the highest common factor of 39 and b?
13
Suppose -p + 3 = -8. Let v be (87 - -1)*p/11. What is the highest common factor of v and 8?
8
Let r be (-14)/(-42) - (-14)/(-6) - -15. What is the highest common factor of r and 195?
13
Let w = -22 + 41. Suppose -420*c + 412*c + 1368 = 0. What is the greatest common factor of w and c?
19
Let s(r) = -2*r**2 + 10*r - 7. Let n be 3/((-3)/(-2)) - -5. Let o be s(n). Let i = 49 + o. What is the greatest common divisor of i and 7?
7
Let c = 12 - 3. Let y(m) = -m**3 + 4*m**2. Let n be y(3). Let w be 1/(-3) + 12/n. What is the greatest common factor of w and c?
1
Suppose 3*u = -2*h + h + 8, u - 1 = 0. Let y(q) = 2*q**2 + 13*q + 11. Let s be y(-8). What is the greatest common factor of h and s?
5
Let v be 2/4*82 + -1. Let x be (-4)/(v/14)*-5. Calculate the highest common factor of x and 14.
7
Let x = -7 - -11. Suppose -x - 4 = -q. Calculate the greatest common divisor of 12 and q.
4
Suppose 4*g - 3*r = -1, g - 3*r = -g - 5. What is the greatest common divisor of g and 8?
2
Suppose 5*t + 0 = 20. Let f = -4 + t. Suppose 4*v - 1 - 3 = f. Calculate the highest common factor of 8 and v.
1
Suppose 4*x - 6 = 2*d + 3*d, -2*x + 14 = 3*d. Suppose x*f - f = 594. Suppose f = 4*o - o. Calculate the highest common divisor of 6 and o.
6
Let z(c) = -c**3 - 7*c**2 - 6*c + 2. Let w be z(-6). Suppose 4*v = -20, -3*v - v - 14 = w*p. Calculate the greatest common divisor of 3 and p.
3
Let i(n) = 12*n - 10. Let c be i(4). What is the highest common factor of 266 and c?
38
Suppose f = 4, -33 = -3*k + f + 35. Let j(p) = p**3 + 8*p**2 - p - 6. Let v be j(-6). What is the highest common divisor of v and k?
24
Suppose -5*o = -2*o - 9. Suppose 0 = -3*g - o*v + 51, 0*g - 5*v = g - 33. Let d = 22 - g. Calculate the highest common factor of 81 and d.
9
Let i(q) = -2 - 9*q - 3 - 2*q + 4. Let x be i(-1). Suppose -p - x = -80. Calculate the highest common divisor of 10 and p.
10
Suppose 0 = -4*q + 36 - 4. Let s be (4 - 2)/1 - -3. Suppose -9 = s*j - q*j. What is the highest common divisor of 9 and j?
3
Suppose -6*j = -2*j - 56. What is the highest common divisor of 2 and j?
2
Suppose -41*t = -45*t + 56. Suppose 11 = -3*l + 347. What is the highest common factor of l and t?
14
Let o(m) = -m**2 - 2*m + 4. Let h be o(3). Let u = h + 18. What is the greatest common factor of 63 and u?
7
Suppose -3*t = -8*t + 10. Suppose -3*n - t = -2*n. Let p be ((-22)/8 - n)*-44. What is the greatest common divisor of p and 11?
11
Let v(q) be the second derivative of 5*q**3/6 - q**2/2 + 3*q. Let o be v(-1). Let c = o - -52. Calculate the highest common factor of c and 69.
23
Let y = -4 + 4. Suppose y = -2*z - t - 20 - 155, -t = 3*z + 262. Let w = -45 - z. What is the greatest common factor of w and 28?
14
Suppose -5*f = -c + 2 - 9, -4*f + 5 = -c. Calculate the highest common divisor of c and 1.
1
Let n = -10 + 12. Suppose -6 = -v + n. Calculate the highest common factor of v and 32.
8
Let j(c) = 11*c + 10. Let g be j(8). Calculate the highest common factor of g and 14.
14
Suppose 2*m - 3*m = 0. Let l be 3 + 10 + -1 + m. Calculate the highest common factor of l and 24.
12
Suppose -3*x = -3*w - 6*x + 381, -x = -w + 125. What is the highest common factor of 14 and w?
14
Let b be -105*1*2/(-5). Let u be 120/b*7/2. Calculate the highest common divisor of u and 40.
10
Suppose 0 = -2*r - 5*h + 7, -h = -4*r - 2*h + 23. What is the greatest common divisor of r and 66?
6
Let x be (44/(-6))/(22/(-165)). What is the greatest common factor of 22 and x?
11
Let f = -12 - -19. Let a be (-290)/(-14) - 8/(-28). What is the greatest common factor of a and f?
7
Let u(z) = -z - 24. Let o be u(-11). Let i = -1 - o. Suppose -2*a = -4*p + 142, -p = -4*a - a - 31. What is the highest common factor of p and i?
12
Suppose -h + 2 + 3 = -2*w, -85 = -4*h - 5*w. Let d = 3 + h. Calculate the highest common factor of d and 90.
18
Suppose 2*u = -3*u + 10. What is the greatest common factor of u and 6?
2
Suppose -4*q + 7*q - y = 16, -2*q + 3*y + 6 = 0. Let c = 9 - 7. What is the greatest common factor of q and c?
2
Let k = 4 - 1. Suppose q = 5*c - 165, 0*c = 5*c - 4*q - 165. What is the highest common divisor of c and k?
3
Let p = -15 + 30. What is the greatest common divisor of 10 and p?
5
Let f(s) = 2*s - 4. Let m be f(3). Suppose -c - m*c + 33 = 0. Suppose 2*p - 121 = -c. What is the greatest common divisor of p and 11?
11
Let x be 1*(0 - 1 - 14). Let k be 6/x + 4/10. Suppose k = -3*p + 6*p - 18. Calculate the highest common factor of p and 15.
3
Suppose -585 + 160 = -5*l. Calculate the highest common divisor of l and 34.
17
Suppose -4*g = -5*t - 16, 3*g + 0*t - 12 = t. Suppose -g*s + 16 = 2*q, s = q - s - 8. What is the highest common factor of 40 and q?
8
Let z = 57 - 31. Calculate the highest common divisor of z and 208.
26
Let z(k) = k**3 + 6*k**2 + 3*k - 4. Suppose -28 = 4*l - 2*a, 5*l - 7*a = -2*a - 45. Let o be z(l). Calculate the greatest common factor of 60 and o.
6
Suppose 22 = 3*p - 14. Suppose p = f - 0*f - 2*d, 4*f + d - 48 = 0. Let s(j) = -j**2 + 3*j + 6. Let v be s(3). Calculate the highest common factor of f and v.
6
Let g = -2 - 8. Let d be -2 - g - (3 + -1). Calculate the greatest common divisor of d and 9.
3
Let c be 9/(-6)*24/(-6). Calculate the greatest common factor of c and 54.
6
Suppose -5*j + 5*w = -80, w + 2 + 0 = 0. Let v be 2/(-2 - (-24)/j). Let m = 0 - v. What is the highest common factor of m and 1?
1
Let n be 405/36 - 3*1/(-4). Calculate the highest common divisor of n and 48.
12
Suppose 4 - 24 = -5*j. What is the highe